umber?
True
Let s(j) = 97*j**2 - 14*j + 12. Let r be s(-14). Let i be -21*(-4)/(-10)*r/186. Is (-4 - (i + 1)) + 3 prime?
False
Suppose 216*y - 28912392 = 57582982 - 4547782. Is y composite?
False
Let b(l) = 423*l**2 - 8*l + 92. Let g(j) = 212*j**2 - 3*j + 44. Let z(k) = -2*b(k) + 5*g(k). Is z(7) composite?
False
Suppose -4*c + 2*m - 3*m + 52 = 0, -40 = -2*c + 3*m. Suppose 3*b + q = c, 0*b = -b + 4*q + 9. Suppose -4*z + 2540 = -4*a, b*z + 492 = 3*a + 3667. Is z prime?
False
Let t be -57 + -4*-9*(-5)/60. Is ((-2)/(-6))/(t/(-90))*21374 composite?
False
Let h(y) = -143980*y - 3635. Is h(-13) composite?
True
Suppose -3*i = 5*a - 2*a - 1461, -2*a + 5*i + 953 = 0. Let k = a - -151. Is k a prime number?
False
Let l(v) = 352*v**3 + 8*v**2 - 56*v + 131. Is l(14) prime?
True
Let o be (-6)/(-3)*(-10347)/6. Let y = o + 6604. Is y composite?
True
Let z(c) = 6*c**2 - 360*c - 139. Is z(-140) prime?
True
Suppose 2*b - 10 = -2, 2*b - 52 = -2*m. Suppose m*x = 28*x - 66678. Is x composite?
False
Let s = 100853 - -63166. Is s prime?
False
Let b be 15/(-75) - -1*6/5. Let c(p) = -185*p**3 + 615*p**3 + 575*p**3 + 2 - 1 + p**2. Is c(b) prime?
False
Suppose a = 4*b + 2*a - 59, 0 = -3*a - 3. Let w = b - 15. Is (-2596 + w + -3)*(-3 - -2) composite?
True
Let r be -1*(8776/(-6))/((-3)/(-9)). Let p = -2071 + r. Is p a composite number?
True
Suppose -4*a + 5*k = 1, -37 + 12 = -5*k. Suppose 3573 = 3*c + a*r - 4*r, 0 = -2*c + 3*r + 2382. Is c a composite number?
True
Suppose 3*p + 2*p = 30. Let u(i) = -i**3 + 5*i**2 + 3*i + 18. Let j be u(p). Suppose -3*l - 5*q + 2*q + 351 = j, 5*l - 597 = q. Is l a composite number?
True
Let c = 4 - 2. Suppose -3*l + 4*g = 0, 0 = l + c*g + 3*g. Suppose -3*u - 4*s + 2029 = l, 2*s - 2722 = -u - 3*u. Is u a composite number?
False
Suppose -3 = -j + 4*j. Let n(k) = -2*k**3 - k. Let y be n(j). Suppose 0 = y*u - u - 1486. Is u composite?
False
Let k = -197 - -194. Let j(d) = -222*d + 15. Is j(k) a composite number?
True
Suppose 3*x - 2*v = 11, -2*x + 9*v - 6 = 11*v. Let d(m) = 163*m**3 + 5*m**2 - 7*m + 2. Is d(x) a prime number?
True
Let h be ((-1)/(-4) + (-1)/4)/1. Let b be -1*1690*((-1)/2 - h). Let d = b - 48. Is d prime?
True
Let z(d) = d + 12. Let i be z(-9). Let l be (-16)/(-12)*(6/(-4) + i). Suppose l*t = 7*t - 3755. Is t prime?
True
Suppose -66 = -j + 5*h, -7*j + 2*j - 3*h = -358. Suppose -287 = -4*f + q + j, f - q = 91. Is f prime?
True
Let p(g) = g**3 - 10*g**2 + 10*g - 5. Let o be p(9). Suppose -2*y = s - 448, 2*s = o - 0. Suppose -276 - 52 = -3*j + k, -2*j = -5*k - y. Is j composite?
False
Suppose -66230 = -f - 2*r, 5*r - 66234 = -f + r. Is f composite?
True
Let d(x) = -1878*x**3 + 28*x**2 + 135*x + 13. Is d(-4) composite?
True
Let p be (7 - 10) + (-3130)/(-1). Suppose -2*o + b + 3982 = -p, 0 = 2*o - 4*b - 7094. Is o composite?
False
Suppose 48 = 18*n + 6*n. Suppose 10018 = 4*s - 2*d, -n*d - 4 - 2 = 0. Is s composite?
False
Let a = -568 + 571. Suppose -3*j + 4683 = -a*o, 5*j = 4*j - o + 1569. Is j composite?
True
Let v be 0/((-4)/(-2)) + 84. Let o = 163 + -171. Is (4 - v/o)*34 composite?
True
Let a(i) = -466*i**3 - 4*i**2 + 62*i + 109. Is a(-8) a prime number?
False
Let g(i) be the third derivative of 23/6*i**4 + 0*i - 17/6*i**3 + 0 - 8*i**2. Is g(8) a prime number?
True
Let v(w) = 167*w - 81. Let p be ((-8)/(-6) + (-10)/(-6))*4. Is v(p) a composite number?
True
Suppose -292 - 436 = 7*k. Is (-1)/((-1)/165) - (k + 106) prime?
True
Suppose -h - 85 = -3*q, -q - 414 = 5*h + 91. Let m be h/125*(0/(-1) - 5). Suppose -3*r - 2*r = 4*d - 4717, d - 3767 = -m*r. Is r a composite number?
False
Let i = 336143 + 92162. Is i prime?
False
Suppose 3*u - 3 = p, 2*u - 5*u = -2*p + 3. Let r be (-408)/5 - p/15. Let l = r + 429. Is l a prime number?
True
Let o(c) = -5*c**3 + 4*c**2 + 4*c + 6. Let f(b) = -b**3 - b + 1. Let u(d) = 4*f(d) - o(d). Let t be u(8). Suppose -t = -4*a - 42. Is a a prime number?
True
Is (274/(-822))/((-1)/2178663) a prime number?
True
Let w = -94 + 94. Suppose -16*d + 11*d - 2*t + 3403 = 0, 4*t - 16 = w. Is d a prime number?
False
Let p(l) = 35807*l - 485. Is p(2) prime?
True
Let j(k) = -6728*k + 171. Is j(-34) a composite number?
False
Let t(x) = -4762*x - 93. Let d be t(-15). Let n = d - 49075. Is n a composite number?
True
Suppose -552278 = -19*d + 1186792. Suppose 9 = 3*a, 0 = 16*z - 19*z - a + d. Is z prime?
True
Let r(y) = y**3 - 12*y**2 - 25*y - 37. Let p be r(14). Suppose p*t - z - 159329 = 0, 203466 - 75990 = 4*t - 4*z. Is t prime?
False
Is (-22 - -8)*(-11173)/2 prime?
False
Let q = 226053 - -212368. Is q a composite number?
True
Let i(x) = -176*x - 15. Suppose -5*g + 16 = 111. Let a = g + 13. Is i(a) composite?
True
Suppose 18*o = -2*w + 14*o + 20914, 0 = 4*w - 3*o - 41795. Is w a prime number?
False
Let u(h) = h**3 - 15*h**2 + 2*h - 27. Let b be u(15). Suppose 0 = 3*q - 9 + b, -q + 7606 = 4*s. Is s prime?
True
Suppose -182*i - 4824452 = -13433234. Is i prime?
False
Suppose -121*z + 118*z = 54. Let p be z/(-4)*446 + -5. Let l = p - 801. Is l composite?
False
Suppose -260822 - 215136 = 7*v. Is (2 + 40/(-16))*v composite?
False
Suppose -21*f + 20*f - 3 = 0. Let y be 2/((-10)/5)*f. Let c(t) = 23*t**3 - 2*t**2 + 6*t - 7. Is c(y) prime?
False
Let c = 80 + -75. Suppose -c*n = -4*n - 65. Suppose -8*o + n = -279. Is o a prime number?
True
Is -9 - (-389405)/3 - 1/(-3) a composite number?
False
Is 5632522/40 - ((-793)/260)/(-61) a prime number?
True
Let j = 536482 - 262865. Is j prime?
True
Is (-2)/8 + (-16062735)/(-780) composite?
False
Let j = 106 + 638. Let q = j - -145. Is q a prime number?
False
Suppose -118 = m - g, 78 - 426 = 3*m - 5*g. Let n be (-127 - (1 - -2))*m. Suppose -2*b - 5*i = -8956 + 2655, -5*b = 5*i - n. Is b a prime number?
False
Suppose 5*r - 15 = 0, 0 = -5*d - 2*r - 109 + 2420. Suppose -2*p = d + 187. Let u = 731 + p. Is u prime?
False
Let x(f) = -5*f - 42. Let b(p) = 7*p + 5. Let c be b(-2). Let y be x(c). Is (-8)/36 + y/((-81)/(-10725)) a prime number?
True
Suppose 750*r = 748*r - 1584. Let x = r + 8075. Is x composite?
False
Suppose -l - 328 = -4*u - 6*l, 393 = 5*u + 2*l. Suppose -8*x + 13 = u. Is (x + 7)*(-2 - 633) prime?
False
Suppose 1186 = x + 7*d, 3*d + 2880 = 2*x + 440. Is x prime?
False
Suppose 0 = -m - 1, 0 = -u - 4*m + 2*m + 1. Is (-1 - (-4095)/u) + -1 composite?
True
Let b(a) = 9*a**2 + 24*a + 112. Suppose -4*m + 44 = -8*m. Is b(m) composite?
False
Let w(o) be the third derivative of 4531*o**4/24 + 53*o**3/6 + 2*o**2 - 59. Is w(2) prime?
False
Let o = -186431 - -321582. Is o composite?
False
Suppose 3*f = -3*a + 1054467, 814*a - 812*a = -4*f + 702970. Is a prime?
False
Let u = -904 + 7919. Suppose 0 = -8*i + u + 21841. Is i composite?
False
Let r = -6381 - -24533. Suppose -15*x + 19*x - r = 0. Let w = -2971 + x. Is w composite?
False
Suppose 5*u = 5*c + 45, 0 = u + 2*u + 4*c + 1. Suppose -u*b + 4*b = -635. Suppose -13*k + 8*k = -b. Is k a composite number?
False
Suppose -8*b = -2*b - 4*b. Suppose 0 = -b*a + 17*a - 191335. Is a prime?
False
Let l(r) = 1781*r**2 + 277*r + 1397. Is l(-5) prime?
True
Let v = -590 - -1082. Let s = -1098 - -1103. Suppose 3*r + m = 326, s*r + 3*m = v + 50. Is r a composite number?
False
Let o = -721899 + 1011658. Is o composite?
False
Let q(h) = -7*h**3 + 6 + 4*h**2 - 3*h + 8*h**3 + 7*h - 2*h. Let t be q(-4). Is -1*((-8770)/18 - t/9) composite?
False
Is ((-4)/(-50) + 639085244/(-3675))*45/(-30) prime?
False
Let x(t) = 6*t**3 + 9*t**2. Let m(y) = y. Let o be m(-9). Let a be x(o). Let d = -2432 - a. Is d prime?
True
Let k = 94189 + -54510. Is k a composite number?
False
Suppose -452*l + 33 = -449*l. Let d(m) be the second derivative of m**4/3 + m**3/6 - 8*m**2 + 2*m. Is d(l) a composite number?
False
Suppose 0*b + 2*u = -b + 70594, -b = 5*u - 70597. Is b/2 - ((-7)/(-7) + 4) a composite number?
False
Suppose 0 = 136*l + 571502 - 4580646. Is l a composite number?
True
Let m be (-5 - 110/(-25)) + (-3773)/(-5). Suppose -m + 267 = -b. Is b a prime number?
True
Let k(h) = 780*h**2 + h + 11. Let d be k(-5). Let m = -11951 + d. Is m prime?
False
Suppose -o + g = -90251, -15*g + 180496 = 2*o - 18*g. Is o a prime number?
False
Let i(x) = 134*x**2 - 222*x - 2083. Is i(-52) prime?
True
Let p be (0/1 - -1)*815. Let w be 2/(-1)*18447/78 + -1 + -4. Let z = p + w. Is z composite?
False
S